test common factor of 2236 and 8294.
26
What is the highest common factor of 462 and 131439?
231
What is the greatest common factor of 1149921 and 603?
603
Calculate the greatest common divisor of 15276 and 77988.
804
What is the greatest common divisor of 60 and 952050?
30
What is the greatest common factor of 4810 and 7930?
130
Calculate the greatest common factor of 2527 and 11837.
133
Calculate the highest common divisor of 100110 and 2256.
282
Calculate the highest common divisor of 70 and 320540.
10
Calculate the highest common divisor of 99342 and 234.
18
Calculate the greatest common factor of 1323 and 2997.
27
What is the highest common factor of 279946 and 417?
139
What is the greatest common factor of 8789 and 151481?
517
Calculate the highest common factor of 182569 and 157148.
2311
Calculate the highest common divisor of 404 and 257045.
101
What is the highest common factor of 2850 and 29165?
95
Calculate the greatest common factor of 377 and 48198.
29
Calculate the greatest common divisor of 12068268 and 1291.
1291
What is the highest common divisor of 268 and 106597?
67
What is the highest common factor of 147 and 84819?
147
What is the greatest common factor of 404 and 389052?
404
What is the highest common divisor of 468 and 5580?
36
What is the greatest common factor of 607116 and 12?
12
Calculate the greatest common factor of 1613892 and 105.
21
What is the highest common divisor of 70 and 756?
14
What is the greatest common divisor of 10586 and 8174?
134
Calculate the greatest common factor of 1273 and 5035.
19
What is the highest common factor of 49484 and 61716?
556
What is the greatest common divisor of 760 and 2040?
40
Calculate the greatest common divisor of 232935 and 25491.
879
What is the highest common factor of 1656 and 3249624?
552
Calculate the highest common factor of 39488 and 704.
64
Calculate the greatest common divisor of 679 and 1054487.
679
Calculate the highest common factor of 154100 and 368.
92
Calculate the highest common divisor of 5609504 and 571.
571
What is the highest common factor of 735 and 1287965?
245
What is the greatest common divisor of 255 and 506005?
85
Calculate the greatest common factor of 1596 and 275541.
21
Calculate the highest common factor of 1164 and 4350741.
291
What is the greatest common divisor of 67 and 17?
1
What is the highest common divisor of 635 and 1119759?
127
What is the greatest common factor of 2471 and 3227?
7
Calculate the greatest common factor of 3416 and 8296.
488
What is the highest common divisor of 183431 and 59?
59
Calculate the greatest common factor of 12848 and 1314.
146
What is the highest common divisor of 259999 and 185?
37
Calculate the highest common factor of 180 and 34620.
60
Calculate the greatest common divisor of 186 and 197346.
186
What is the highest common factor of 2761 and 5346?
11
Calculate the greatest common factor of 138 and 45839.
23
What is the highest common divisor of 15056 and 136?
8
Calculate the highest common divisor of 528321 and 183.
183
What is the greatest common factor of 112 and 7294?
14
What is the greatest common divisor of 390 and 191685?
195
What is the greatest common divisor of 64986 and 66?
6
Calculate the greatest common divisor of 9089346 and 222.
222
Calculate the greatest common factor of 5612 and 920.
92
What is the highest common divisor of 181423 and 121?
11
What is the highest common divisor of 145 and 724913?
29
What is the highest common divisor of 580 and 576172?
116
Calculate the highest common divisor of 220 and 22260.
20
What is the highest common divisor of 1796775 and 30?
15
Calculate the greatest common factor of 119 and 23341.
17
What is the highest common divisor of 567 and 38691?
27
What is the greatest common divisor of 36 and 24642?
18
What is the greatest common factor of 1769 and 1891?
61
Calculate the greatest common factor of 7571 and 2825.
113
What is the highest common factor of 1095 and 405?
15
What is the highest common factor of 26465 and 201?
67
Calculate the greatest common factor of 9652 and 3648.
76
What is the greatest common divisor of 42 and 211470?
42
Calculate the highest common factor of 236 and 5708.
4
What is the greatest common divisor of 9423 and 54?
27
What is the highest common divisor of 3648 and 8436?
228
Calculate the greatest common divisor of 368805 and 60.
15
What is the highest common divisor of 88632 and 36?
36
Calculate the highest common factor of 85196 and 1180.
236
What is the greatest common divisor of 1224 and 22824?
72
What is the highest common divisor of 14752 and 32?
32
Calculate the greatest common divisor of 656 and 28167.
41
Calculate the greatest common factor of 917961 and 33.
33
Calculate the greatest common factor of 2457 and 6111.
63
Calculate the highest common divisor of 92015 and 770.
385
What is the highest common factor of 12 and 70284?
12
What is the greatest common factor of 32095 and 2884?
7
What is the greatest common divisor of 8095 and 1517003?
1619
Calculate the greatest common factor of 5344 and 1024.
32
Calculate the greatest common factor of 221467 and 23.
23
What is the highest common divisor of 7335 and 360?
45
What is the highest common factor of 11834 and 5734?
122
Calculate the highest common factor of 32994 and 106925.
611
Calculate the greatest common factor of 2 and 776428.
2
Calculate the highest common divisor of 29491 and 693.
77
Calculate the highest common divisor of 14835 and 460.
115
What is the greatest common factor of 6859 and 46?
1
What is the greatest common factor of 428735 and 95?
95
Calculate the greatest common factor of 4288 and 43416.
536
Calculate the greatest common factor of 2880 and 156.
12
What is the highest common divisor of 28552 and 473?
43
What is the highest common factor of 1225 and 20?
5
What is the highest common divisor of 981200 and 3850?
550
What is the highest common divisor of 8526 and 2014978?
2842
What is the greatest common factor of 215 and 17759?
43
Calculate the greatest common divisor of 640 and 103808.
128
What is the greatest common divisor of 482 and 2389756?
482
What is the highest common divisor of 351 and 126009?
351
What is the greatest common divisor of 80 and 451600?
80
What is the greatest common factor of 46294 and 4688?
586
What is the highest common factor of 865 and 4710?
5
Calculate the highest common divisor of 8473 and 1591.
37
Calculate the greatest common factor of 156033 and 378.
27
What is the highest common factor of 413 and 10717?
7
What is the greatest common factor of 1261872 and 36?
36
Calculate the highest common factor of 24 and 36786.
6
Calculate the highest common divisor of 490 and 4540.
10
Calculate the greatest common factor of 25963 and 1.
1
What is the greatest common divisor of 34230 and 28?
14
What is the highest common factor of 1726 and 2?
2
What is the highest common divisor of 217 and 707?
7
Calculate the greatest common factor of 88064 and 169248.
1376
Calculate the greatest common factor of 8990 and 190.
10
Calculate the highest common factor of 1495 and 179515.
115
What is the greatest common divisor of 10794 and 5817?
21
Calculate the greatest common divisor of 1245 and 154380.
1245
What is the greatest common divisor of 1925 and 70675?
275
What is the greatest common factor of 140232 and 8?
8
Calculate the greatest common divisor of 18 and 359868.
6
What is the greatest common divisor of 1240 and 5239?
31
What is the highest common divisor of 375 and 89370?
15
Calculate the highest common factor of 20 and 4380010.
10
Calculate the greatest common divisor of 178913 and 14.
7
Calculate the highest common divisor of 23 and 2380937.
23
Calculate the highest common factor of 79415 and 329.
7
Calculate the highest common factor of 80 and 496760.
40
What is the highest common divisor of 19829 and 163903?
251
Calculate the highest common divisor of 560 and 2672.
16
Calculate the greatest common factor of 724 and 4796500.
724
Calculate the greatest common divisor of 38038 and 56.
14
Calculate the highest common factor of 80970 and 168.
6
What is the highest common factor of 102 and 491980?
34
What is the highest common divisor of 90 and 7004655?
45
Calculate the highest common divisor of 624 and 1344.
48
Calculate the highest common d